t c = -112 - -338/3. Let i(u) be the second derivative of -c*u**3 + 3/2*u**2 + 1/12*u**4 + 0 - 2*u. Determine i(5).
8
Let p(r) be the first derivative of r**3/3 - 9*r**2/2 + 10*r - 1789. Let x = -19 - -27. Calculate p(x).
2
Let c be (4 + (1 - 2))*1. Let z(a) = -c - 3 + 1 - a. Let y = -84 + 79. Determine z(y).
0
Let c(f) = f**3 - 2 + 2*f + 10 + f - 2*f. Determine c(0).
8
Let n be (10 - 3)*(-2)/(-1 + -1). Let t(s) = -4*s + 16. Calculate t(n).
-12
Let u(g) = 5*g - 8*g**2 + 5*g**2 + 4*g**2 - 2*g**2 - 5. Suppose -5*w = -12 - 8. Give u(w).
-1
Let u(q) = -q**3 - 9*q**2 + 11*q - 1. Suppose 2*i - 3*a = -14, 5*a = 5*i + 8*a + 56. Determine u(i).
-11
Let z(b) = -9*b**3 - b**2 + b - 1. Let x = -39 + 66. Let y be (-1)/2 + (x/(-6))/(-3). Determine z(y).
-10
Suppose 2*r - 32 = -28. Let y(d) be the third derivative of -1/4*d**4 + 0*d + 2*d**r + 0 - 1/6*d**3. What is y(2)?
-13
Let m(b) be the third derivative of b**6/120 - b**5/15 + b**4/24 + b**3/3 + 8*b**2. Let h(o) = -o + 4. Let a be h(2). Calculate m(a).
-4
Let q(k) = 4*k + 27. Let y(n) = -2*n - 13. Let b(c) = 2*q(c) + 5*y(c). Suppose 0*x + 31 = -4*x - 5*p, -4*p - 23 = 3*x. Give b(x).
7
Let w(j) = -j - 3*j + 4 + 7*j - 2*j. Suppose -22*v + 17*v - 60 = -5*b, -2*v - b - 12 = 0. Calculate w(v).
-4
Let t(v) = -36893*v + 36888*v + 27 - 4. Calculate t(8).
-17
Suppose 195 - 185 = 5*v. Let l(i) = -3*i**3 + 4*i**v + 34 + 0*i**2 - 32 - 4*i. Suppose -2 + 12 = 5*n. Give l(n).
-14
Let m(d) = 5*d**3 + d - 1. Let g(i) = -16*i + 17. Let p be g(1). What is m(p)?
5
Let o(a) = -6*a + 4*a + 4081 + a - 4084. Give o(-10).
7
Let w(b) be the third derivative of b**7/2520 + b**6/720 - b**5/12 - 25*b**2. Let i(t) be the third derivative of w(t). What is i(1)?
3
Let b(l) = -l**3 + l**2 + 2*l + 3*l**3 - 3*l**3. Let w(g) = -g**2 - 8*g + 1. Let z be w(-5). Suppose -4*p = 4*p - z. Determine b(p).
0
Let u(b) = 97*b - 9. Let p(m) = 31*m - 4. Let r(k) = -3*p(k) + u(k). Suppose 4*l - 2 + 10 = 0. What is r(l)?
-5
Let p(i) = 2*i. Let s(x) = -x + 2. Let o(u) = p(u) + 3*s(u). Determine o(6).
0
Let y(n) = -1 + 5*n**2 - 4*n**2 - 3*n + 13 - 6*n. Calculate y(6).
-6
Let y(v) = 7*v**3 - 4 - 4*v + 12*v + 28*v**2 - 6*v**3 - 36*v**2. What is y(7)?
3
Let j(h) = 2*h - 1. Let g = -191 - -193. What is j(g)?
3
Let z(r) be the third derivative of r**6/360 - r**5/30 - r**4/8 - 14*r**2. Let y(b) be the second derivative of z(b). Calculate y(-5).
-14
Let s(i) = 0 - 4*i**2 - 1 + 3*i**2 - i. Let j(x) = -2*x + 30. Suppose -2*t + 5*g + 0 = -15, -4*t - 3*g + 69 = 0. Let n be j(t). Give s(n).
-1
Let t(h) = 4*h - 3*h - 2*h. Suppose 9*u + 23 + 4 = 0. Calculate t(u).
3
Let m(k) = k**3 - 6*k**2 - 6*k - 6. Let c be m(7). Let t(d) be the second derivative of 17*d**4/12 - d**3/6 + d**2/2 - 1814*d + 2. Determine t(c).
17
Let v(h) be the second derivative of -h**5/20 - h**3/6 + 5*h**2/2 - h. Let g be 102/27 + 2/9. Suppose 3*z = 0, 5*z = 3*t - g*t. Give v(t).
5
Suppose 7 + 17 = 4*w. Let c(i) = 2*i - 258 + 253 - 3*i + 5*i - i. Give c(w).
13
Let o(c) be the second derivative of -c**3/6 - 2*c**2 - 3*c. Let s(i) = -i**2 + 7*i + 24. Let a be s(9). Calculate o(a).
-10
Let d(w) = 6*w - 7*w**2 - 3*w**3 - 2 + 3*w**3 + w**3. Let f be d(6). Let q(x) = -26*x + 5. Let b(m) = 9*m - 2. Let l(v) = -8*b(v) - 3*q(v). Calculate l(f).
-11
Let a(h) = 3*h + 6. Suppose -2*d - 3*y + 7 = 0, 2*d - 3*d + 2 = 2*y. Suppose 3*x = -0*x + 5*m + d, 4*m = x - 12. Give a(x).
-6
Let g(d) be the first derivative of d**2/2 + 19*d + 34. Determine g(-16).
3
Let z(h) = 2*h + 6. Let i(t) = 13. Let s(d) = 15. Let g(f) = -7*i(f) + 6*s(f). Let v(l) = -6*g(l) - z(l). What is v(2)?
-4
Let w(g) = -3*g**2 - 3*g - 1. Let i(c) = c**2 + c - 3. Let o(y) = -4. Let m(b) = 7*i(b) - 6*o(b). Let r(k) = -2*m(k) - 5*w(k). Determine r(-4).
11
Let a(m) be the second derivative of m**3/3 + 2*m**2 + 5*m - 3. Let y be ((-3)/(-4))/((-1)/4). What is a(y)?
-2
Let s(k) = 4*k**3 - 11*k**2 - 16. Let h(r) = -3*r**3 + 10*r**2 + 2*r + 15. Let z(a) = 3*h(a) + 2*s(a). What is z(9)?
-14
Let i(h) = -h**2 - h - 1. Let c(d) be the third derivative of -3*d**5/10 - d**4/8 - 2*d**3/3 - 9*d**2 + d. Let p(v) = c(v) - 4*i(v). What is p(1)?
-13
Suppose -52*t + 14 = -53*t. Let i(s) = s**3 + 15*s**2 + 13*s - 10. Give i(t).
4
Let a(r) = -r + 21. Let p be a(15). Let g(n) = 4 - 9*n + p*n + 2*n. Calculate g(3).
1
Let h be 7/(-14) + (-10)/(-4). Let u(r) = 0*r**2 + 4*r**2 - r + 2*r**2 - 5*r**h - 2. Suppose 3*v - z - 18 = -7, -5*z = 4*v - 2. Determine u(v).
4
Let b(d) = d**3 - 6*d + 4. Suppose 0*n + 10 = 5*n. Let a be b(n). Let x(j) = -9 + j**3 + 3*j**2 + 2*j**2 - 6*j**2. Give x(a).
-9
Let o(w) = w**3 - 6*w**2 + 3*w - 8. Let r be o(5). Let q be (-2)/(-9) - ((-58)/r - 1). Let c(j) = -j**3 - j**2 - 3*j - 3. Calculate c(q).
7
Suppose 48 = 40*s - 24*s. Let c(p) = -13*p + 3. Calculate c(s).
-36
Let v(f) = f**3 + f**2 - 4*f + 1. Let b be (2/(-3))/(82/369). Give v(b).
-5
Let q(u) be the third derivative of u**4/24 - u**3/6 + 17*u**2. Let b(a) = -a. Let j(n) = -2*b(n) + q(n). Give j(-1).
-4
Let g(o) = -o**2 + o + 2. Let h = -14 - -11. Let s(y) = 7 - 21 + 13 - 2*y + y**2. Let p(l) = h*g(l) - 4*s(l). Determine p(2).
4
Let k(v) = v**3 - 6*v**2 + 3*v. Let x(i) = -10*i**3 - i**2. Let o be x(-1). Let f(p) = 7 + o + 24*p - 25*p. Let b be f(11). Determine k(b).
-10
Let r(z) = -4*z**2 - 6*z - 1. Let q(t) = t**2 - 1. Suppose -v + 5 - 2 = 0. Let n(m) = v*q(m) + r(m). What is n(-4)?
4
Let c(m) = -4*m**2 + 6*m + 5. Let n(r) = -7*r**2 + 10*r + 10. Let s(v) = 5*c(v) - 3*n(v). Determine s(5).
20
Let j be (((-36)/16)/(-3))/(20/(-160)). Let f(n) = -n**2 - 7*n - 17. Determine f(j).
-11
Let i(o) = 6*o**2 + 4*o**2 + 2*o - 11*o**2 + 1. Let a(v) = -v**3 + 16*v**2 + 17*v + 4. Let m be a(17). Determine i(m).
-7
Let c(p) = 8*p - 2. Let d be c(1). Let l(x) = 0 - x**3 + 0 + 3 - d*x**2 - 9 + 8*x. Calculate l(-7).
-13
Let z(f) = f + 1 + 1 + f**2 + 0*f. Let p(u) = 4*u**2 - 34*u + 9. Let n be p(8). Let c(j) = -j**2 - j - 2. Let b(h) = n*z(h) - 6*c(h). Determine b(-2).
-4
Let i(t) be the second derivative of t**3/2 - 7*t**2 + 408*t. Calculate i(3).
-5
Let i(a) = -a**3 - 17*a**2 + 19*a + 27. Let j be (5 + (-259)/35)/(8/60). What is i(j)?
9
Let v(d) = -d**3 - 8*d**2 - d + 11. Let z be v(-7). Let w = z - -28. Let h(o) be the third derivative of -o**5/60 - o**4/24 + o**3/3 - o**2. Determine h(w).
-4
Let y(n) = n**3 + 2*n + 1. Suppose -12*j + 102 - 102 = 0. Determine y(j).
1
Let t(m) = -m**2 + m + 13. Suppose -404*j + 396*j + 32 = 0. Give t(j).
1
Let u be (-26)/9 - (-5)/(-45). Let z(x) = x**3 + 4*x**2 + 3*x - 1. Give z(u).
-1
Let x(n) = 984*n + 10. Let c be x(4). Let a(r) = -r - 3946 + c. Give a(-3).
3
Let y = 10 + -14. Let o be (-28)/(-8) + (-2)/y. Let p = -3 + o. Let z(s) = -12*s**3 + s. Give z(p).
-11
Let s(z) be the second derivative of -z**4/12 + z**3/6 - z. Suppose a = 5*a. Calculate s(a).
0
Let n(d) = -3. Let k(a) = a**2 + 2*a - 11. Let z(o) = -k(o) + 4*n(o). Determine z(-3).
-4
Let m be ((-27)/12 + 0)/((-6)/8). Let f(i) = -i**2 + 6*i - 2. What is f(m)?
7
Let g(i) = -i**3 + 8*i**2 - 6*i - 3. Let b be g(7). Let v be b/(-3 + 2) - -7. Let r(p) = p - 5. Determine r(v).
-2
Suppose -4*t + 20 = 4*b, -2 = -2*t - b + 3*b. Let w(n) = n**3 - 14*n + t + 13*n - 2*n**3 - 2*n**2 + 2*n**3. Determine w(3).
9
Let w(j) = -2*j**3 + j**2 + 2*j + 1. Let x be w(-1). Suppose 0 = -0*k + x*k - 4. Let n(f) = -f - 4. Let h(z) = -1. Let v(b) = 20*h(b) - 5*n(b). What is v(k)?
10
Suppose 6*r = 25 - 61. Let o(m) = -m**2 - 7*m - 6. What is o(r)?
0
Let h = 0 + 4. Let u(w) be the third derivative of w**6/120 - w**5/15 - w**4/12 + 5*w**3/6 + 515*w**2. Give u(h).
-3
Let c(f) = 327*f - 161*f - 165*f + 3*f**2 - 1. Suppose -2*t + 3 = 3*u + 2*t, 3*u - 27 = 4*t. Suppose 8*x = 3*x + u. Determine c(x).
3
Let k(c) = 2*c - c**3 + 7*c - 4*c + 2*c**3 - 2*c**2 + 2 - 2*c**3. Give k(-3).
-4
Let z(q) = -11*q - 6. Let o(v) = 2*v + 1. Let j(u) = 34*o(u) + 6*z(u). Let p(w) = 3*w - 3. Let c(f) = -4*j(f) + 3*p(f). Determine c(6).
5
Let c(q) = -2*q - 9 + 5*q - 4*q. Let f(s) = -s**2 + 8*s - 12. Let n = -27 - -33. Let z be f(n). What is c(z)?
-9
Let r(o) = 5*o**2 - o + 1. Let a(b) = -4*b**2 - 93*b - 25. Let f be a(-23). Calculate r(f).
23
Let p(q) = q - 10. Let y be p(12). Let x(d) = -13*d + 1 + 6*d**2 + 4*d**2 - 14*d**y + 6*d**2. Give x(6).
-5
Suppose -7 = -b + 1.